{"id":71,"date":"2024-01-31T19:41:16","date_gmt":"2024-01-31T18:41:16","guid":{"rendered":"https:\/\/holisticagroup.pl\/?page_id=71"},"modified":"2024-02-18T21:35:34","modified_gmt":"2024-02-18T20:35:34","slug":"gabinet-4","status":"publish","type":"page","link":"https:\/\/holisticagroup.com.pl\/index.php\/gabinet-4\/","title":{"rendered":"Gabinet 4"},"content":{"rendered":"<div class=\"wp-block-image\">\n<figure class=\"aligncenter size-full\"><a href=\"https:\/\/www.instagram.com\/nadi_refleksologia_tarnow\/?fbclid=IwAR2BwLtCvnTuVX7BGXtxsUwDKJvwzc2Eh5JvNhCntAPTI3sZncVkOq-sRzg\"><img loading=\"lazy\" decoding=\"async\" width=\"500\" height=\"500\" src=\"https:\/\/holisticagroup.pl\/wp-content\/uploads\/2024\/02\/423944341_1101222937992438_1086998780380238484_n.png\" alt=\"\" class=\"wp-image-478\" srcset=\"https:\/\/holisticagroup.com.pl\/wp-content\/uploads\/2024\/02\/423944341_1101222937992438_1086998780380238484_n.png 500w, https:\/\/holisticagroup.com.pl\/wp-content\/uploads\/2024\/02\/423944341_1101222937992438_1086998780380238484_n-300x300.png 300w, https:\/\/holisticagroup.com.pl\/wp-content\/uploads\/2024\/02\/423944341_1101222937992438_1086998780380238484_n-150x150.png 150w, https:\/\/holisticagroup.com.pl\/wp-content\/uploads\/2024\/02\/423944341_1101222937992438_1086998780380238484_n-60x60.png 60w\" sizes=\"auto, (max-width: 500px) 100vw, 500px\" \/><\/a><\/figure>\n<\/div>\n\n\n<p class=\"has-background has-medium-font-size\" style=\"background-color:#e7a730e8\"><strong>NADI REFLEKSOLOGIA <\/strong><br><strong>Dorota Sabat<\/strong><br><\/p>\n\n\n\n<p class=\"has-background has-medium-font-size\" style=\"background-color:#e7a730e8\"><strong>KONTAKT:<\/strong><br><a href=\"https:\/\/sabatdorotapl.asysto.pl\" target=\"_blank\" rel=\"noreferrer noopener\">https:\/\/sabatdorotapl.asysto.pl<\/a><strong><br>500 145 291<\/strong><br><strong><a href=\"https:\/\/www.instagram.com\/nadi_refleksologia_tarnow\/?fbclid=IwAR2BwLtCvnTuVX7BGXtxsUwDKJvwzc2Eh5JvNhCntAPTI3sZncVkOq-sRzg\" data-type=\"link\" data-id=\"https:\/\/www.instagram.com\/nadi_refleksologia_tarnow\/?fbclid=IwAR2BwLtCvnTuVX7BGXtxsUwDKJvwzc2Eh5JvNhCntAPTI3sZncVkOq-sRzg\">Instagram<\/a><\/strong><\/p>\n\n\n\n<figure class=\"wp-block-image size-large\"><img loading=\"lazy\" decoding=\"async\" width=\"701\" height=\"1024\" src=\"https:\/\/holisticagroup.pl\/wp-content\/uploads\/2024\/01\/FX7A99372-701x1024.jpg\" alt=\"\" class=\"wp-image-145\" srcset=\"https:\/\/holisticagroup.com.pl\/wp-content\/uploads\/2024\/01\/FX7A99372-701x1024.jpg 701w, https:\/\/holisticagroup.com.pl\/wp-content\/uploads\/2024\/01\/FX7A99372-206x300.jpg 206w, https:\/\/holisticagroup.com.pl\/wp-content\/uploads\/2024\/01\/FX7A99372-768x1121.jpg 768w, https:\/\/holisticagroup.com.pl\/wp-content\/uploads\/2024\/01\/FX7A99372-1052x1536.jpg 1052w, https:\/\/holisticagroup.com.pl\/wp-content\/uploads\/2024\/01\/FX7A99372-1403x2048.jpg 1403w, https:\/\/holisticagroup.com.pl\/wp-content\/uploads\/2024\/01\/FX7A99372-41x60.jpg 41w, https:\/\/holisticagroup.com.pl\/wp-content\/uploads\/2024\/01\/FX7A99372-scaled.jpg 1754w\" sizes=\"auto, (max-width: 701px) 100vw, 701px\" \/><\/figure>\n\n\n\n<p>Refleksologia jest terapi\u0105 uciskow\u0105 polegaj\u0105c\u0105 na pobudzaniu refleks\u00f3w na stopie, powoduj\u0105c\u0105 reakcje fizjologiczne, kt\u00f3re stymuluj\u0105 potencja\u0142 samouzdrawiania organ\u00f3w znajduj\u0105cych si\u0119 w naszym ciele.<\/p>\n\n\n\n<p>Stopy &#8222;m\u00f3wi\u0105 nam\u201d, w kt\u00f3rych miejscach s\u0105 niedomagania, pokazuj\u0105 nam co nie pracuje tak jak powinno, jakie s\u0105 dysfunkcje w naszym ciele. Jest to skarbnica wiedzy na temat naszego zdrowia.<\/p>\n\n\n\n<p>Refleksologia jest oficjalnie wpisana na list\u0119 zawod\u00f3w i uznana jako terapia medyczna.<br>Podstaw\u0105 naszej pracy jest \u201eszukanie zdrowia\u201d w organizmie.<\/p>\n\n\n\n<p>Uciskaj\u0105c receptory pobudzamy narz\u0105dy, gruczo\u0142y, ca\u0142e uk\u0142ady cia\u0142a do samoleczenia.<br>Dotlenione narz\u0105dy, do kt\u00f3rych poprzez pobudzony uk\u0142ad kr\u0105\u017cenia i usprawniony uk\u0142ad limfatyczny, dochodzi wi\u0119cej sk\u0142adnik\u00f3w od\u017cywczych, zaczynaj\u0105 regenerowa\u0107 si\u0119, w ten spos\u00f3b organizm krok po kroku powraca do zdrowia.<\/p>\n\n\n\n<p>Refleksologia dzia\u0142a na ca\u0142y organizm, nie tylko na poziomie fizycznym, ale r\u00f3wnie\u017c emocjonalnym i duchowym.<\/p>\n","protected":false},"excerpt":{"rendered":"<p>NADI REFLEKSOLOGIA Dorota Sabat KONTAKT:https:\/\/sabatdorotapl.asysto.pl500 145 291Instagram Refleksologia jest terapi\u0105 uciskow\u0105 polegaj\u0105c\u0105 na pobudzaniu refleks\u00f3w na stopie, powoduj\u0105c\u0105 reakcje fizjologiczne, kt\u00f3re stymuluj\u0105 potencja\u0142 samouzdrawiania organ\u00f3w znajduj\u0105cych si\u0119 w naszym ciele. &hellip; <\/p>\n","protected":false},"author":2,"featured_media":0,"parent":0,"menu_order":0,"comment_status":"closed","ping_status":"closed","template":"","meta":{"footnotes":""},"class_list":["post-71","page","type-page","status-publish","hentry"],"_links":{"self":[{"href":"https:\/\/holisticagroup.com.pl\/index.php\/wp-json\/wp\/v2\/pages\/71","targetHints":{"allow":["GET"]}}],"collection":[{"href":"https:\/\/holisticagroup.com.pl\/index.php\/wp-json\/wp\/v2\/pages"}],"about":[{"href":"https:\/\/holisticagroup.com.pl\/index.php\/wp-json\/wp\/v2\/types\/page"}],"author":[{"embeddable":true,"href":"https:\/\/holisticagroup.com.pl\/index.php\/wp-json\/wp\/v2\/users\/2"}],"replies":[{"embeddable":true,"href":"https:\/\/holisticagroup.com.pl\/index.php\/wp-json\/wp\/v2\/comments?post=71"}],"version-history":[{"count":13,"href":"https:\/\/holisticagroup.com.pl\/index.php\/wp-json\/wp\/v2\/pages\/71\/revisions"}],"predecessor-version":[{"id":480,"href":"https:\/\/holisticagroup.com.pl\/index.php\/wp-json\/wp\/v2\/pages\/71\/revisions\/480"}],"wp:attachment":[{"href":"https:\/\/holisticagroup.com.pl\/index.php\/wp-json\/wp\/v2\/media?parent=71"}],"curies":[{"name":"wp","href":"https:\/\/api.w.org\/{rel}","templated":true}]}}